ainder when 609304 is divided by 609244.
60
Calculate the remainder when 1358199 is divided by 2058.
1977
Calculate the remainder when 304486 is divided by 2066.
784
What is the remainder when 671792 is divided by 134335?
117
Calculate the remainder when 3288308 is divided by 219220.
8
Calculate the remainder when 101609 is divided by 1923.
1613
What is the remainder when 6673314 is divided by 1665?
1659
Calculate the remainder when 780827 is divided by 265.
137
What is the remainder when 114780330 is divided by 23415?
0
What is the remainder when 49669277 is divided by 210463?
9
Calculate the remainder when 171453 is divided by 3608.
1877
Calculate the remainder when 3322555 is divided by 830636.
11
Calculate the remainder when 2681265677 is divided by 2960.
2957
Calculate the remainder when 56543949 is divided by 614608.
13
Calculate the remainder when 256570 is divided by 127757.
1056
What is the remainder when 12428442 is divided by 5657?
13
What is the remainder when 10287 is divided by 1353?
816
Calculate the remainder when 205284447 is divided by 1050.
1047
Calculate the remainder when 19835966 is divided by 90575.
41
What is the remainder when 317671 is divided by 2527?
1796
What is the remainder when 535217 is divided by 5299?
18
What is the remainder when 2296309 is divided by 367?
357
Calculate the remainder when 4964017 is divided by 17235.
337
Calculate the remainder when 481483 is divided by 5664.
43
Calculate the remainder when 444223 is divided by 5346.
505
What is the remainder when 1281731 is divided by 204?
203
Calculate the remainder when 16971967 is divided by 183.
181
Calculate the remainder when 2064413 is divided by 113.
16
Calculate the remainder when 1831164 is divided by 2902.
2
What is the remainder when 15771424 is divided by 315428?
24
What is the remainder when 17254989 is divided by 13?
11
What is the remainder when 1807081 is divided by 350?
31
Calculate the remainder when 528043 is divided by 52651.
1533
What is the remainder when 863095 is divided by 98?
9
What is the remainder when 18420 is divided by 191?
84
What is the remainder when 468883 is divided by 2368?
19
Calculate the remainder when 112287773 is divided by 56143886.
1
What is the remainder when 967589 is divided by 1843?
14
What is the remainder when 173415 is divided by 57350?
1365
Calculate the remainder when 46673084 is divided by 902.
898
Calculate the remainder when 4594083 is divided by 171.
168
Calculate the remainder when 169704 is divided by 300.
204
What is the remainder when 1988354 is divided by 116?
114
What is the remainder when 427308 is divided by 229?
223
What is the remainder when 306866 is divided by 51035?
656
What is the remainder when 95418 is divided by 362?
212
What is the remainder when 845084 is divided by 4268?
20
Calculate the remainder when 1627211 is divided by 813555.
101
Calculate the remainder when 1298030 is divided by 2388.
1346
Calculate the remainder when 931406 is divided by 931398.
8
Calculate the remainder when 48213029 is divided by 113.
110
What is the remainder when 8960934 is divided by 179218?
34
Calculate the remainder when 2464566 is divided by 21.
6
Calculate the remainder when 16110708 is divided by 63.
33
What is the remainder when 71370 is divided by 23666?
372
Calculate the remainder when 3129559 is divided by 1369.
25
Calculate the remainder when 66006 is divided by 100.
6
What is the remainder when 285994 is divided by 95291?
121
Calculate the remainder when 108297 is divided by 1452.
849
Calculate the remainder when 45455687 is divided by 17.
16
What is the remainder when 966584 is divided by 17?
15
Calculate the remainder when 41830683 is divided by 7781.
27
What is the remainder when 73639 is divided by 457?
62
What is the remainder when 35027350 is divided by 182?
176
What is the remainder when 79410 is divided by 39480?
450
Calculate the remainder when 139389 is divided by 1040.
29
Calculate the remainder when 364343 is divided by 28026.
5
What is the remainder when 3929008 is divided by 357182?
6
What is the remainder when 22277694 is divided by 2230?
2224
What is the remainder when 57384078 is divided by 871?
856
Calculate the remainder when 165691 is divided by 36.
19
What is the remainder when 4338262 is divided by 289217?
7
What is the remainder when 88572 is divided by 7418?
6974
Calculate the remainder when 140241 is divided by 515.
161
What is the remainder when 43104 is divided by 21286?
532
What is the remainder when 6184444 is divided by 81?
13
What is the remainder when 1199275 is divided by 11?
0
Calculate the remainder when 8955793 is divided by 11815.
23
Calculate the remainder when 94457616 is divided by 765.
6
What is the remainder when 700504 is divided by 1158?
1072
What is the remainder when 972002061 is divided by 22?
19
What is the remainder when 52182014 is divided by 2096?
2094
Calculate the remainder when 181608914 is divided by 1488.
2
What is the remainder when 7087 is divided by 19?
0
Calculate the remainder when 129483357 is divided by 324.
321
Calculate the remainder when 58492284 is divided by 1233.
1230
Calculate the remainder when 119512 is divided by 1406.
2
What is the remainder when 1091073 is divided by 2?
1
Calculate the remainder when 6233657 is divided by 5546.
5499
Calculate the remainder when 1810791 is divided by 30691.
22
What is the remainder when 782867 is divided by 41?
13
What is the remainder when 1194355 is divided by 555?
550
What is the remainder when 368315 is divided by 789?
641
What is the remainder when 173119 is divided by 24?
7
What is the remainder when 24761528 is divided by 4?
0
What is the remainder when 12555428 is divided by 502215?
53
Calculate the remainder when 34644 is divided by 38.
26
Calculate the remainder when 543981 is divided by 189.
39
Calculate the remainder when 130330447 is divided by 496.
495
What is the remainder when 4770879 is divided by 320?
319
What is the remainder when 9745390 is divided by 38?
24
Calculate the remainder when 55428 is divided by 2705.
1328
Calculate the remainder when 166109 is divided by 6122.
815
What is the remainder when 6883322 is divided by 2726?
172
What is the remainder when 3536888 is divided by 230?
178
Calculate the remainder when 22946215 is divided by 533632.
39
Calculate the remainder when 106866 is divided by 2756.
2138
What is the remainder when 6119708 is divided by 1754?
2
Calculate the remainder when 24991978 is divided by 40180.
18
Calculate the remainder when 290692 is divided by 3266.
18
What is the remainder when 5007005 is divided by 385147?
94
Calculate the remainder when 1901883 is divided by 4191.
3360
Calculate the remainder when 148091 is divided by 12492.
10679
Calculate the remainder when 2537005 is divided by 2537000.
5
What is the remainder when 7577718 is divided by 40?
38
What is the remainder when 726270 is divided by 9?
6
What is the remainder when 235632 is divided by 116?
36
Calculate the remainder when 142749 is divided by 4757.
39
What is the remainder when 11373003 is divided by 673?
649
What is the remainder when 103694 is divided by 50932?
1830
What is the remainder when 527776 is divided by 6070?
5756
Calculate the remainder when 754570 is divided by 1711.
19
What is the remainder when 8564441 is divided by 713703?
5
What is the remainder when 1695274 is divided by 1321?
431
Calculate the remainder when 246608 is divided by 1124.
452
Calculate the remainder when 316602718 is divided by 1960.
1958
What is the remainder when 14008311 is divided by 1400831?
1
Calculate the remainder when 652960 is divided by 54409.
52
Calculate the remainder when 35993074 is divided by 7198610.
24
Calculate the remainder when 220989 is divided by 527.
176
What is the remainder when 9690398 is divided by 4472?
4046
Calculate the remainder when 2136635 is divided by 3775.
3760
What is the remainder when 619873 is divided by 34249?
3391
Calculate the remainder when 57356 is divided by 952.
236
Calculate the remainder when 1984807 is divided by 184.
183
Calculate the remainder when 6223783 is divided by 271.
268
What is the remainder when 23454368 is divided by 7818121?
5
Calculate the remainder when 1287558 is divided by 1652.
650
Calculate the remainder when 6